{"id":8,"date":"2023-01-28T16:52:09","date_gmt":"2023-01-28T16:52:09","guid":{"rendered":"https:\/\/teiskonvpk.fi\/?page_id=8"},"modified":"2026-03-28T11:10:34","modified_gmt":"2026-03-28T11:10:34","slug":"nuoret","status":"publish","type":"page","link":"https:\/\/teiskonvpk.fi\/?page_id=8","title":{"rendered":"Nuoret"},"content":{"rendered":"\n<p>Nuoriso-osaston tarkoituksena on antaa 10 \u2013 15-vuotiaille nuorille ilmainen, hyv\u00e4 harrastus joka antaa valmiuksia toimia arjessa VPK:n arvoja \u201dluotettavuus, vastuu, tasapuolisuus\u201d noudattaen. Nuoriso-osasto on yhteis\u00f6, jossa kaikki ovat kavereita kesken\u00e4\u00e4n. Kiusaamista ei tunneta. Kaikkia autetaan kaikin tavoin tasapuolisesti. Nuoriso-osaston j\u00e4senm\u00e4\u00e4r\u00e4 vaihtelee 15 \u2013 20 j\u00e4senen v\u00e4lill\u00e4.<\/p>\n\n\n\n<p>Vuonna 2010 j\u00e4rjestettiin 31 harjoitusta, joihin osallistui keskim\u00e4\u00e4rin 10 nuorta \/ harjoitus. Syksyn harjoituskauden p\u00e4\u00e4tteeksi j\u00e4rjest\u00e4mme pikkujoulut ja kev\u00e4tkaudella teemme pienen retken, syventyen yhteen pelastustoimen aiheeseen.<\/p>\n\n\n\n<p>Harjoituksissa nuorille opetetaan taitoja pelastustoimen erikoisosaamisesta kodin perusturvallisuuteen. Palokuntalaisen erikoistaitojen opettelu antaa nuorille ymm\u00e4rryksen palokuntalaisen toiminnasta aikuisena ja perusturvan taidot auttavat arjen toimissa. Harjoituksiin sis\u00e4ltyy aina teoria sek\u00e4 toiminta, painottuen TOIMINTAAN. Palokunta antaa nuorille k\u00e4ytt\u00f6\u00f6n pikku-palomiehen suojavarustuksen.<\/p>\n\n\n\n<p>Nuoriso-osastosta on hyv\u00e4 ja helppo siirty\u00e4 turvaamaan teiskolaisten el\u00e4m\u00e4\u00e4 palokuntalaisena Teiskon VPK:ssa.<\/p>\n\n\n\n<div data-wp-interactive=\"core\/file\" class=\"wp-block-file\"><object data-wp-bind--hidden=\"!state.hasPdfPreview\" hidden class=\"wp-block-file__embed\" data=\"https:\/\/teiskonvpk.fi\/wp-content\/uploads\/2026\/03\/Nuoriso-osaston-harjoitukset-Kevat-2026.pdf\" type=\"application\/pdf\" style=\"width:100%;height:600px\" aria-label=\"Tiedoston Nuoriso-osaston harjoitukset Kev\u00e4t 2026 upotus.\"><\/object><a id=\"wp-block-file--media-1f08a7f4-5612-484d-b674-da54ac2c8300\" href=\"https:\/\/teiskonvpk.fi\/wp-content\/uploads\/2026\/03\/Nuoriso-osaston-harjoitukset-Kevat-2026.pdf\">Nuoriso-osaston harjoitukset Kev\u00e4t 2026<\/a><a href=\"https:\/\/teiskonvpk.fi\/wp-content\/uploads\/2026\/03\/Nuoriso-osaston-harjoitukset-Kevat-2026.pdf\" class=\"wp-block-file__button wp-element-button\" download aria-describedby=\"wp-block-file--media-1f08a7f4-5612-484d-b674-da54ac2c8300\">Lataa<\/a><\/div>\n","protected":false},"excerpt":{"rendered":"<p>Nuoriso-osaston tarkoituksena on antaa 10 \u2013 15-vuotiaille nuorille ilmainen, hyv\u00e4 harrastus joka antaa valmiuksia toimia arjessa VPK:n arvoja \u201dluotettavuus, vastuu, tasapuolisuus\u201d noudattaen. Nuoriso-osasto on yhteis\u00f6, jossa kaikki ovat kavereita kesken\u00e4\u00e4n. Kiusaamista ei tunneta. Kaikkia autetaan kaikin tavoin tasapuolisesti. Nuoriso-osaston j\u00e4senm\u00e4\u00e4r\u00e4 vaihtelee 15 \u2013 20 j\u00e4senen v\u00e4lill\u00e4. Vuonna 2010 j\u00e4rjestettiin 31 harjoitusta, joihin osallistui keskim\u00e4\u00e4rin 10 &hellip; <a href=\"https:\/\/teiskonvpk.fi\/?page_id=8\" class=\"more-link\">Jatka lukemista <span class=\"screen-reader-text\">Nuoret<\/span> <span class=\"meta-nav\">&rarr;<\/span><\/a><\/p>\n","protected":false},"author":1,"featured_media":0,"parent":0,"menu_order":0,"comment_status":"closed","ping_status":"closed","template":"","meta":{"footnotes":""},"class_list":["post-8","page","type-page","status-publish","hentry"],"_links":{"self":[{"href":"https:\/\/teiskonvpk.fi\/index.php?rest_route=\/wp\/v2\/pages\/8","targetHints":{"allow":["GET"]}}],"collection":[{"href":"https:\/\/teiskonvpk.fi\/index.php?rest_route=\/wp\/v2\/pages"}],"about":[{"href":"https:\/\/teiskonvpk.fi\/index.php?rest_route=\/wp\/v2\/types\/page"}],"author":[{"embeddable":true,"href":"https:\/\/teiskonvpk.fi\/index.php?rest_route=\/wp\/v2\/users\/1"}],"replies":[{"embeddable":true,"href":"https:\/\/teiskonvpk.fi\/index.php?rest_route=%2Fwp%2Fv2%2Fcomments&post=8"}],"version-history":[{"count":12,"href":"https:\/\/teiskonvpk.fi\/index.php?rest_route=\/wp\/v2\/pages\/8\/revisions"}],"predecessor-version":[{"id":165,"href":"https:\/\/teiskonvpk.fi\/index.php?rest_route=\/wp\/v2\/pages\/8\/revisions\/165"}],"wp:attachment":[{"href":"https:\/\/teiskonvpk.fi\/index.php?rest_route=%2Fwp%2Fv2%2Fmedia&parent=8"}],"curies":[{"name":"wp","href":"https:\/\/api.w.org\/{rel}","templated":true}]}}